{"id":775,"date":"2026-03-05T09:45:34","date_gmt":"2026-03-05T08:45:34","guid":{"rendered":"https:\/\/iskconmalaga.com\/boutique\/?post_type=product&#038;p=775"},"modified":"2026-03-12T18:34:01","modified_gmt":"2026-03-12T17:34:01","slug":"calendario","status":"publish","type":"product","link":"https:\/\/iskconmalaga.com\/boutique\/product\/calendario\/","title":{"rendered":"Calendario 2026"},"content":{"rendered":"","protected":false},"excerpt":{"rendered":"<p>Un regalo muy atractivo para estas fechas de Navidades. Tiene una imagen nueva para cada mes-en total doce im\u00e1genes muy atractivos en color de alta definici\u00f3n. Hay cuadritos para marcar sus citas importantes con fechas de fiestas nacionales y festivales m\u00e1s importantes de calendario vaisnavas y los d\u00edas de ayunos como ekadashi dos veces al mes.<\/p>\n<p><strong>Para compras m\u00e1s de 5 hay descuento de 10 por ciento.<\/strong><\/p>\n","protected":false},"featured_media":1590,"comment_status":"closed","ping_status":"closed","template":"","meta":{"_acf_changed":false},"product_brand":[],"product_cat":[61],"product_tag":[62],"class_list":{"0":"post-775","1":"product","2":"type-product","3":"status-publish","4":"has-post-thumbnail","6":"product_cat-calendario","7":"product_tag-calendario","8":"product_shipping_class-medium","10":"first","11":"instock","12":"featured","13":"shipping-taxable","14":"purchasable","15":"product-type-simple"},"acf":[],"_links":{"self":[{"href":"https:\/\/iskconmalaga.com\/boutique\/wp-json\/wp\/v2\/product\/775","targetHints":{"allow":["GET"]}}],"collection":[{"href":"https:\/\/iskconmalaga.com\/boutique\/wp-json\/wp\/v2\/product"}],"about":[{"href":"https:\/\/iskconmalaga.com\/boutique\/wp-json\/wp\/v2\/types\/product"}],"replies":[{"embeddable":true,"href":"https:\/\/iskconmalaga.com\/boutique\/wp-json\/wp\/v2\/comments?post=775"}],"version-history":[{"count":0,"href":"https:\/\/iskconmalaga.com\/boutique\/wp-json\/wp\/v2\/product\/775\/revisions"}],"wp:featuredmedia":[{"embeddable":true,"href":"https:\/\/iskconmalaga.com\/boutique\/wp-json\/wp\/v2\/media\/1590"}],"wp:attachment":[{"href":"https:\/\/iskconmalaga.com\/boutique\/wp-json\/wp\/v2\/media?parent=775"}],"wp:term":[{"taxonomy":"product_brand","embeddable":true,"href":"https:\/\/iskconmalaga.com\/boutique\/wp-json\/wp\/v2\/product_brand?post=775"},{"taxonomy":"product_cat","embeddable":true,"href":"https:\/\/iskconmalaga.com\/boutique\/wp-json\/wp\/v2\/product_cat?post=775"},{"taxonomy":"product_tag","embeddable":true,"href":"https:\/\/iskconmalaga.com\/boutique\/wp-json\/wp\/v2\/product_tag?post=775"}],"curies":[{"name":"wp","href":"https:\/\/api.w.org\/{rel}","templated":true}]}}