{"id":73,"date":"2020-06-18T15:40:56","date_gmt":"2020-06-18T13:40:56","guid":{"rendered":"https:\/\/iskconmalaga.com\/boutique\/?post_type=product&#038;p=73"},"modified":"2023-09-20T01:40:43","modified_gmt":"2023-09-19T23:40:43","slug":"las-ensenanzas-de-la-reina-kunti","status":"publish","type":"product","link":"https:\/\/iskconmalaga.com\/boutique\/product\/las-ensenanzas-de-la-reina-kunti\/","title":{"rendered":"Las Ensenanzas De La Reina Kunti"},"content":{"rendered":"","protected":false},"excerpt":{"rendered":"<p>La fascinante literatura de la India narra la historia de la reina Kunti, una c\u00e9lebre y heroica mujer que vivi\u00f3 en una \u00e9poca en la que intrigas reales y dramas pol\u00edticos provocaron una sangrienta guerra por el trono de la India. Sin embargo, a pesar de las innumerables tribulaciones que la rodearon, ella conserv\u00f3 su gran sabidur\u00eda y fortaleza interna, que guiaron a su gente en los momentos de crisis.<\/p>\n<p>Las ense\u00f1anzas de la reina Kunti son las iluminadoras expresiones que emanan del coraz\u00f3n de esta eminente mujer, y que descubren una dimensi\u00f3n poco explorada por el conocimiento humano: el mundo trascendental.<\/p>\n","protected":false},"featured_media":906,"comment_status":"closed","ping_status":"closed","template":"","meta":{"_acf_changed":false},"product_brand":[],"product_cat":[77],"product_tag":[78],"class_list":{"0":"post-73","1":"product","2":"type-product","3":"status-publish","4":"has-post-thumbnail","6":"product_cat-classics","7":"product_tag-spain","8":"product_shipping_class-medium","10":"first","11":"instock","12":"shipping-taxable","13":"purchasable","14":"product-type-simple"},"acf":[],"_links":{"self":[{"href":"https:\/\/iskconmalaga.com\/boutique\/wp-json\/wp\/v2\/product\/73","targetHints":{"allow":["GET"]}}],"collection":[{"href":"https:\/\/iskconmalaga.com\/boutique\/wp-json\/wp\/v2\/product"}],"about":[{"href":"https:\/\/iskconmalaga.com\/boutique\/wp-json\/wp\/v2\/types\/product"}],"replies":[{"embeddable":true,"href":"https:\/\/iskconmalaga.com\/boutique\/wp-json\/wp\/v2\/comments?post=73"}],"version-history":[{"count":0,"href":"https:\/\/iskconmalaga.com\/boutique\/wp-json\/wp\/v2\/product\/73\/revisions"}],"wp:featuredmedia":[{"embeddable":true,"href":"https:\/\/iskconmalaga.com\/boutique\/wp-json\/wp\/v2\/media\/906"}],"wp:attachment":[{"href":"https:\/\/iskconmalaga.com\/boutique\/wp-json\/wp\/v2\/media?parent=73"}],"wp:term":[{"taxonomy":"product_brand","embeddable":true,"href":"https:\/\/iskconmalaga.com\/boutique\/wp-json\/wp\/v2\/product_brand?post=73"},{"taxonomy":"product_cat","embeddable":true,"href":"https:\/\/iskconmalaga.com\/boutique\/wp-json\/wp\/v2\/product_cat?post=73"},{"taxonomy":"product_tag","embeddable":true,"href":"https:\/\/iskconmalaga.com\/boutique\/wp-json\/wp\/v2\/product_tag?post=73"}],"curies":[{"name":"wp","href":"https:\/\/api.w.org\/{rel}","templated":true}]}}