{"id":362,"date":"2020-06-28T14:40:03","date_gmt":"2020-06-28T12:40:03","guid":{"rendered":"https:\/\/iskconmalaga.com\/boutique\/?post_type=product&#038;p=362"},"modified":"2023-09-20T00:37:23","modified_gmt":"2023-09-19T22:37:23","slug":"prabhupada-solo-el-podia-guiarlos","status":"publish","type":"product","link":"https:\/\/iskconmalaga.com\/boutique\/product\/prabhupada-solo-el-podia-guiarlos\/","title":{"rendered":"Prabhupada, Solo El Podia Guiarlos"},"content":{"rendered":"","protected":false},"excerpt":{"rendered":"<p>De manera casi inadvertida por la historia, cambi\u00f3 el curso de la vida de cientos y miles de j\u00f3venes de los a\u00f1os 60 y de varias generaciones posteriores.<\/p>\n<p>Y de forma completamente desinteresada, gui\u00f3 a esos j\u00f3venes en el camino de la superaci\u00f3n personal, d\u00e1ndoles herramientas para que fueran libres y felices, desarrollando todo su potencial y talento.<\/p>\n<p>\u00c9l se entreg\u00f3 con amor puro y ellos se entregaron a \u00e9l con el mismo amor. Prabhup\u0101da era un genio, un fil\u00f3sofo, cient\u00edfico, artista, soci\u00f3logo y una de las personas m\u00e1s revolucionarias, humanitarias, altruistas, espiritualistas y defensor de la vida y la paz de todos los tiempos.<\/p>\n<p>Esta es la historia de c\u00f3mo esa revoluci\u00f3n espiritual sucedi\u00f3&#8230; y de c\u00f3mo puede suceder un cambio sublime en tu propia vida.<\/p>\n","protected":false},"featured_media":914,"comment_status":"closed","ping_status":"closed","template":"","meta":{"_acf_changed":false},"product_brand":[],"product_cat":[77],"product_tag":[78],"class_list":{"0":"post-362","1":"product","2":"type-product","3":"status-publish","4":"has-post-thumbnail","6":"product_cat-classics","7":"product_tag-spain","8":"product_shipping_class-medium","10":"first","11":"instock","12":"shipping-taxable","13":"purchasable","14":"product-type-simple"},"acf":[],"_links":{"self":[{"href":"https:\/\/iskconmalaga.com\/boutique\/wp-json\/wp\/v2\/product\/362","targetHints":{"allow":["GET"]}}],"collection":[{"href":"https:\/\/iskconmalaga.com\/boutique\/wp-json\/wp\/v2\/product"}],"about":[{"href":"https:\/\/iskconmalaga.com\/boutique\/wp-json\/wp\/v2\/types\/product"}],"replies":[{"embeddable":true,"href":"https:\/\/iskconmalaga.com\/boutique\/wp-json\/wp\/v2\/comments?post=362"}],"version-history":[{"count":0,"href":"https:\/\/iskconmalaga.com\/boutique\/wp-json\/wp\/v2\/product\/362\/revisions"}],"wp:featuredmedia":[{"embeddable":true,"href":"https:\/\/iskconmalaga.com\/boutique\/wp-json\/wp\/v2\/media\/914"}],"wp:attachment":[{"href":"https:\/\/iskconmalaga.com\/boutique\/wp-json\/wp\/v2\/media?parent=362"}],"wp:term":[{"taxonomy":"product_brand","embeddable":true,"href":"https:\/\/iskconmalaga.com\/boutique\/wp-json\/wp\/v2\/product_brand?post=362"},{"taxonomy":"product_cat","embeddable":true,"href":"https:\/\/iskconmalaga.com\/boutique\/wp-json\/wp\/v2\/product_cat?post=362"},{"taxonomy":"product_tag","embeddable":true,"href":"https:\/\/iskconmalaga.com\/boutique\/wp-json\/wp\/v2\/product_tag?post=362"}],"curies":[{"name":"wp","href":"https:\/\/api.w.org\/{rel}","templated":true}]}}